{"id":46,"date":"2022-12-20T19:09:56","date_gmt":"2022-12-20T18:09:56","guid":{"rendered":"https:\/\/safetip.200.solutions\/produkt\/hoodie-with-logo\/"},"modified":"2023-01-23T02:48:23","modified_gmt":"2023-01-23T01:48:23","slug":"klub-vyvoleni","status":"publish","type":"product","link":"https:\/\/safetip.200.solutions\/?product=klub-vyvoleni","title":{"rendered":"KLUB VYVOLEN\u00cd"},"content":{"rendered":"<p>Toto je prvni popis.<\/p>\n","protected":false},"excerpt":{"rendered":"<p>Toto \u010dlenstv\u00ed je pro ty, kte\u0159\u00ed to mysl\u00ed se s\u00e1zen\u00edm v\u00e1\u017en\u011b<\/p>\n<p>1) Inside informace<br \/>\n2) Po\u010det tip\u016f nelze dop\u0159edu garantovat<br \/>\n3) Pokud by byl po\u010det tip\u016f men\u0161\u00ed ne\u017e 3 za m\u011bs\u00edc automaticky prodlou\u017e\u00edme o dal\u0161\u00ed m\u011bs\u00edc zdarma<br \/>\n4) Velmi omezen\u00fd po\u010det \u010dlen\u016f<br \/>\n5) Online propojen\u00ed p\u0159es Telegram<br \/>\n6) Nesm\u00ed\u0161 b\u00fdt nov\u00e1\u010dek v s\u00e1zen\u00ed, tento produkt nen\u00ed pro ka\u017ed\u00e9ho a mus\u00ed\u0161 m\u00edt praxi v s\u00e1zen\u00ed.<\/p>\n","protected":false},"featured_media":182,"template":"","meta":{"inline_featured_image":false},"product_brand":[],"product_cat":[29],"product_tag":[],"class_list":{"0":"post-46","1":"product","2":"type-product","3":"status-publish","4":"has-post-thumbnail","6":"product_cat-sazky","8":"first","9":"instock","10":"virtual","11":"sold-individually","12":"purchasable","13":"product-type-simple"},"acf":[],"_links":{"self":[{"href":"https:\/\/safetip.200.solutions\/index.php?rest_route=\/wp\/v2\/product\/46","targetHints":{"allow":["GET"]}}],"collection":[{"href":"https:\/\/safetip.200.solutions\/index.php?rest_route=\/wp\/v2\/product"}],"about":[{"href":"https:\/\/safetip.200.solutions\/index.php?rest_route=\/wp\/v2\/types\/product"}],"wp:featuredmedia":[{"embeddable":true,"href":"https:\/\/safetip.200.solutions\/index.php?rest_route=\/wp\/v2\/media\/182"}],"wp:attachment":[{"href":"https:\/\/safetip.200.solutions\/index.php?rest_route=%2Fwp%2Fv2%2Fmedia&parent=46"}],"wp:term":[{"taxonomy":"product_brand","embeddable":true,"href":"https:\/\/safetip.200.solutions\/index.php?rest_route=%2Fwp%2Fv2%2Fproduct_brand&post=46"},{"taxonomy":"product_cat","embeddable":true,"href":"https:\/\/safetip.200.solutions\/index.php?rest_route=%2Fwp%2Fv2%2Fproduct_cat&post=46"},{"taxonomy":"product_tag","embeddable":true,"href":"https:\/\/safetip.200.solutions\/index.php?rest_route=%2Fwp%2Fv2%2Fproduct_tag&post=46"}],"curies":[{"name":"wp","href":"https:\/\/api.w.org\/{rel}","templated":true}]}}