{"id":36,"date":"2022-12-20T20:19:55","date_gmt":"2022-12-20T19:19:55","guid":{"rendered":"https:\/\/safetip.200.solutions\/?post_type=product&#038;p=36"},"modified":"2023-01-23T02:48:54","modified_gmt":"2023-01-23T01:48:54","slug":"clenstvi-nhl","status":"publish","type":"product","link":"https:\/\/safetip.200.solutions\/?product=clenstvi-nhl","title":{"rendered":"\u010cLENSTV\u00cd NHL"},"content":{"rendered":"","protected":false},"excerpt":{"rendered":"<p>Z\u00e1kladn\u00ed \u010dlenstv\u00ed pro v\u0161echny, kte\u0159\u00ed za\u010d\u00ednaj\u00ed se s\u00e1zen\u00edm<\/p>\n<p>Podm\u00ednky<br \/>\n1) +18<br \/>\n2) 3 a v\u00edce s\u00e1zkov\u00fdch kancel\u00e1\u0159\u00ed<br \/>\n3) Tipy odes\u00edl\u00e1me na email plus telegram<\/p>\n<p>Jedn\u00e1 se o tipy na 14 dn\u00ed od potvrzen\u00ed platby.<\/p>\n","protected":false},"featured_media":181,"template":"","meta":{"inline_featured_image":false},"product_brand":[],"product_cat":[28],"product_tag":[],"class_list":{"0":"post-36","1":"product","2":"type-product","3":"status-publish","4":"has-post-thumbnail","6":"product_cat-nhl","8":"first","9":"instock","10":"virtual","11":"sold-individually","12":"purchasable","13":"product-type-simple"},"acf":[],"_links":{"self":[{"href":"https:\/\/safetip.200.solutions\/index.php?rest_route=\/wp\/v2\/product\/36","targetHints":{"allow":["GET"]}}],"collection":[{"href":"https:\/\/safetip.200.solutions\/index.php?rest_route=\/wp\/v2\/product"}],"about":[{"href":"https:\/\/safetip.200.solutions\/index.php?rest_route=\/wp\/v2\/types\/product"}],"wp:featuredmedia":[{"embeddable":true,"href":"https:\/\/safetip.200.solutions\/index.php?rest_route=\/wp\/v2\/media\/181"}],"wp:attachment":[{"href":"https:\/\/safetip.200.solutions\/index.php?rest_route=%2Fwp%2Fv2%2Fmedia&parent=36"}],"wp:term":[{"taxonomy":"product_brand","embeddable":true,"href":"https:\/\/safetip.200.solutions\/index.php?rest_route=%2Fwp%2Fv2%2Fproduct_brand&post=36"},{"taxonomy":"product_cat","embeddable":true,"href":"https:\/\/safetip.200.solutions\/index.php?rest_route=%2Fwp%2Fv2%2Fproduct_cat&post=36"},{"taxonomy":"product_tag","embeddable":true,"href":"https:\/\/safetip.200.solutions\/index.php?rest_route=%2Fwp%2Fv2%2Fproduct_tag&post=36"}],"curies":[{"name":"wp","href":"https:\/\/api.w.org\/{rel}","templated":true}]}}